te the remainder when k(5) is divided by 17.
14
Suppose -4*m - 5*y = -4, 0 = -0*m - m + y + 10. What is the remainder when 16 is divided by m?
4
Suppose -i + 2*i - 48 = -3*d, 0 = 3*d - 4*i - 48. What is the remainder when ((-94)/(-4))/((-2)/(-4)) is divided by d?
15
Suppose 0*d - 78 = -3*d. What is the remainder when d is divided by (4 - (-2 + 3))*3?
8
Let v(q) = q**2 + 4*q + 2. Let p be v(-5). Let n = p - 1. Calculate the remainder when n is divided by 3.
0
Suppose 8*g + 370 = 13*g. What is the remainder when g is divided by 15?
14
Let v(w) = -w**2 - 9*w + 13. Let s be v(-11). Calculate the remainder when 3 is divided by -2 + (s - -1)/(-2).
1
Let i = -18 - -26. Let c(q) = 3*q + 15. Let n(o) = -2*o - 14. Let r(w) = -3*c(w) - 4*n(w). Calculate the remainder when r(i) is divided by 2.
1
Suppose 0 = a + k - 0*k - 80, -a + 2*k = -74. Suppose a + 118 = 2*q. Suppose -q = 3*o - 5*o. Calculate the remainder when o is divided by 17.
15
Let f = -56 - -80. Suppose -3*c + 9 = -f. What is the remainder when 41 is divided by c?
8
Suppose -4*i = -u - 81 + 9, -4*i = 2*u - 72. Suppose -5 - 9 = -2*q. Calculate the remainder when i is divided by q.
4
Suppose 2*l - o = -6*o + 48, 0 = 5*o. Let b be (-21)/7 + 57 + 1. Let x = b - l. What is the remainder when x is divided by 11?
9
Let c(q) = q**2 - 11*q + 27. Let o be c(11). Suppose -63 = -4*v - 3*n, v + v - 5*n - 25 = 0. Calculate the remainder when v is divided by (-72)/o*(-3)/2.
3
Let l(s) = -s**3 - 4*s**2 - 2*s - 2. Let k be l(-3). Let g = 11 + k. Calculate the remainder when 17 is divided by g.
5
Let v = 1 - -1. Suppose -y - 3*y - 3*i + 60 = 0, v*i = 2*y - 30. Let f = 60 - 17. Calculate the remainder when f is divided by y.
13
What is the remainder when 13 is divided by ((-4)/1)/(-4) - 9/(-3)?
1
Let q = 9 + -3. Let v(m) = 2*m + 2. Calculate the remainder when v(4) is divided by q.
4
Suppose -75 = -3*w + 2*w. Calculate the remainder when w is divided by 19.
18
Let i(r) = r**2 - 3*r. Let t be i(3). Suppose 3*y = -n + 96, t = -y + 4*n + 5 + 14. What is the remainder when y is divided by 8?
7
What is the remainder when (-134)/(-8)*(0 + 4) is divided by 14?
11
Let g(m) = -m**3 + 23*m**2 - 22*m + 46. What is the remainder when g(22) is divided by 7?
4
Suppose 5*r - 17 + 5 = 2*u, -r + 42 = -4*u. Let j be (-2)/(-4) + (-86)/(-4). Let l = u + j. What is the remainder when 31 is divided by l?
9
Let i = -24 - -53. What is the remainder when i is divided by 5?
4
Let b(g) = g**2 - 7*g + 3. Let n be b(6). What is the remainder when (0 - 0) + 2 + 2 is divided by (n/(-5))/(5/25)?
1
Suppose -5*c + 26 + 59 = 0. What is the remainder when c is divided by 9?
8
Let x(p) = -p**3 - p**2 - p + 4. Let n be x(0). Suppose 2*j - 22 = -n. What is the remainder when 17 is divided by j?
8
Let j = 57 + -19. Calculate the remainder when j is divided by 10.
8
Let c = -41 - -4. What is the remainder when 16 is divided by 6/(-24) - c/4?
7
Suppose 2 = -x + 4. Suppose -w + 20 = -x. Let n = -16 - -24. What is the remainder when w is divided by n?
6
Let r = -73 + 124. Calculate the remainder when r is divided by 18.
15
Let x = 1 + 1. Let w be (6 - 4)*10/4. Suppose -4 = -2*p, w*p - p + 2 = 5*n. Calculate the remainder when n is divided by x.
0
Suppose -8 = 2*o, 96 = 4*r + 2*o + o. Suppose r = -4*i + 7*i. What is the remainder when 3 - (4 + -1 + -16) is divided by i?
7
Suppose 2*z - 6 - 4 = 0. What is the remainder when 14 is divided by z?
4
Suppose 0 = -5*k, 0*f - 21 = -f - 3*k. Let o = f + -16. Calculate the remainder when o is divided by 2.
1
Suppose 4*g - 11 = 3*g. Let h(b) = 2*b**2 + 2*b + 3. What is the remainder when h(-5) is divided by g?
10
Calculate the remainder when 65 is divided by (-3 - -2)*(-33)/3.
10
Let u = 102 - 73. Calculate the remainder when 142 is divided by u.
26
What is the remainder when 75 is divided by (-32)/((10/15)/((-2)/6))?
11
Let w(l) = 13 - l + 14 + 2. Calculate the remainder when 66 is divided by w(12).
15
Suppose -3*d + 5*d - 26 = 0. Calculate the remainder when d is divided by 9/((-63)/(-70)) + (2 - 4).
5
Let h be ((-2)/3)/(5/(-15)). Suppose -2*d = -6 + h. Suppose 2*j = -q + 61, -2*j + d*q = -5*j + 91. What is the remainder when j is divided by 11?
9
Let j(f) = f**2 + 9*f + 5. Let w be j(-9). Let c = -17 + w. Calculate the remainder when 65 is divided by 87/4 - 3/c.
21
Calculate the remainder when (1/(-3))/(-2 - (-250)/126) is divided by 3.
0
Let h(q) = 2*q**2 - 7*q - 11. Let l be h(5). Let i(b) = 3*b - 8. What is the remainder when 6 is divided by i(l)?
2
Suppose 5*g - 80 = 5*h, -47 = -3*g + 4*h - 1. Suppose -12*x + 16*x - 280 = 0. Calculate the remainder when x is divided by g.
16
Let r be 32/2*(-15)/20. Let a = 15 + r. Let q = 3 + -1. Calculate the remainder when a is divided by q.
1
Let v(r) = r - 12. Let k be v(13). Calculate the remainder when (k/2)/((-9)/(-522)) is divided by 10.
9
Suppose 7*s - 65 = 2*s. Let t = 14 + s. What is the remainder when t is divided by 10?
7
Suppose 2*f - 44 = -2*f. Let i = 18 - f. What is the remainder when 20 is divided by i?
6
Let g be 156/9 - (-1)/(-3). Suppose -g - 37 = -3*h. What is the remainder when h is divided by 7?
4
Let f(o) = o**2 + 4*o - 20. What is the remainder when f(-9) is divided by 7?
4
Let j(b) = -b - 1. Let g be j(1). Let u be 5/g*16/(-5). Let r(x) = x**2 - 5*x + 1. Calculate the remainder when r(u) is divided by 7.
4
Suppose -2*s + 112 = -5*j, -2*j = s - 0*s - 56. Calculate the remainder when s is divided by 30 - -3*1/(-3).
27
Let j(t) = 7*t - 14. Calculate the remainder when 61 is divided by j(5).
19
Suppose a - 72 = -2*a - 3*x, -93 = -5*a + 4*x. Calculate the remainder when a is divided by (-1 + 2)*(-22)/(-2).
10
Suppose -14 = -2*v + 4*v. Let x = v + 20. Suppose 3*n = -n + 100. What is the remainder when n is divided by x?
12
Let x(v) = -3*v + 7. Suppose -5*u - 2 = -7. Calculate the remainder when (-447)/(-12) + u/(-4) is divided by x(-4).
18
Suppose 2 + 22 = 3*u + 3*x, 4*u - 28 = -5*x. Suppose -u = -7*y + 4*y. What is the remainder when 10 is divided by y?
2
What is the remainder when 35 is divided by -4*(-4 + (-25)/20)?
14
Suppose 5*a + 2*b = 72, -4*a - 4*b + 10 = -50. Calculate the remainder when a is divided by (-9)/18 - (33/(-2))/3.
4
Let p(y) = y**3 - 5*y**2 + 10*y - 1. What is the remainder when p(5) is divided by 13?
10
Let y(a) = -3*a**3 - 3*a**2 - 2*a - 1. What is the remainder when 3 + 51 + (-1 - -5) is divided by y(-2)?
13
Let f = 73 - 15. Calculate the remainder when f is divided by 20.
18
Suppose -2*o + 14 = -0. Let s(x) = 2*x**2 - 8*x - 5. Let h(r) = 7*r - 1. Let f be h(1). Calculate the remainder when s(f) is divided by o.
5
What is the remainder when 1 is divided by (-5 + 2)/3 + 2?
0
What is the remainder when 266/8 - 3/12 is divided by 18?
15
Let m be (0 + -1 - -7) + -1. Suppose -v = m*d - 33, -v + 3*d + 17 = 3*v. Let j = -4 - -7. Calculate the remainder when v is divided by j.
2
Suppose -3*w + 5*w - 138 = 4*j, -5*j = 5*w - 270. What is the remainder when w is divided by -6*(6 - (-119)/(-14))?
14
Let r(k) = -2*k**3 - 2*k - 3. Let u(g) = -g**2 - g - 1. Let b be u(-2). What is the remainder when r(-2) is divided by b/(-3) + (5 - 0)?
5
Let r be (-1928)/(-40) - (-1)/(-5). Suppose 3*y - r = -y. What is the remainder when 57 is divided by y?
9
Suppose 9 = l + 1. Let i = -250 - -264. Calculate the remainder when i is divided by l.
6
Let g(j) = j**3 - j**2 + 1 + 0*j**2 - 3*j + 4*j. Calculate the remainder when 12 is divided by g(2).
5
Let d(w) = -w**2 + 2*w - 1. Let r be d(1). Suppose -t + r*t = -5. What is the remainder when 14 is divided by t?
4
Suppose 0 = -s - s - 4. Calculate the remainder when 11 is divided by -6*s/4 + 0.
2
Let n be (-27)/9*-1*1. Suppose 3*u - 46 = -5*p, p + u = -n*p + 34. Calculate the remainder when 29 is divided by p.
5
Suppose -3*f + 79 = -l + 2, -4*l - 92 = -3*f. What is the remainder when 69 is divided by f?
21
Let p(w) = -1 - 3*w**2 + 2 + 34*w**2. Calculate the remainder when p(1) is divided by 17.
15
Let h = -108 + 212. What is the remainder when h is divided by 21?
20
Let w be 80/50 + 2/5. Suppose -3*o = -2*z + 9, 4*o + 4 - w = z. Calculate the remainder when z is divided by 5.
1
Suppose -3*d + 2*a = -122, -5*d + 3*a + 202 = -0*d. What is the remainder when d is divided by -2 - (-14 + 1 + 1)?
8
Suppose -44 = 6*z 